{"id":87,"date":"2024-09-18T10:13:49","date_gmt":"2024-09-18T08:13:49","guid":{"rendered":"https:\/\/magalit.fr\/?page_id=87"},"modified":"2026-03-19T15:57:27","modified_gmt":"2026-03-19T14:57:27","slug":"accueil","status":"publish","type":"page","link":"https:\/\/magalit.fr\/index.php\/accueil\/","title":{"rendered":"Accueil Archives"},"content":{"rendered":"\t\t<div data-elementor-type=\"wp-post\" data-elementor-id=\"87\" class=\"elementor elementor-87\">\n\t\t\t\t<div class=\"elementor-element elementor-element-44c5477 e-flex e-con-boxed e-con e-parent\" data-id=\"44c5477\" data-element_type=\"container\" data-e-type=\"container\">\n\t\t\t\t\t<div class=\"e-con-inner\">\n\t\t\t\t<div class=\"elementor-element elementor-element-a4a005a elementor-widget elementor-widget-spacer\" data-id=\"a4a005a\" data-element_type=\"widget\" data-e-type=\"widget\" data-widget_type=\"spacer.default\">\n\t\t\t\t<div class=\"elementor-widget-container\">\n\t\t\t\t\t\t\t<div class=\"elementor-spacer\">\n\t\t\t<div class=\"elementor-spacer-inner\"><\/div>\n\t\t<\/div>\n\t\t\t\t\t\t<\/div>\n\t\t\t\t<\/div>\n\t\t\t\t\t<\/div>\n\t\t\t\t<\/div>\n\t\t<div class=\"elementor-element elementor-element-e1317fe e-con-full e-flex e-con e-parent\" data-id=\"e1317fe\" data-element_type=\"container\" data-e-type=\"container\">\n\t\t\t\t<div class=\"elementor-element elementor-element-24bd9fd elementor-widget elementor-widget-heading\" data-id=\"24bd9fd\" data-element_type=\"widget\" data-e-type=\"widget\" data-widget_type=\"heading.default\">\n\t\t\t\t<div class=\"elementor-widget-container\">\n\t\t\t\t\t<h2 class=\"elementor-heading-title elementor-size-default\">Consulting en\ngestion de projet IT<\/h2>\t\t\t\t<\/div>\n\t\t\t\t<\/div>\n\t\t\t\t<div class=\"elementor-element elementor-element-ab2c6db elementor-widget elementor-widget-text-editor\" data-id=\"ab2c6db\" data-element_type=\"widget\" data-e-type=\"widget\" data-widget_type=\"text-editor.default\">\n\t\t\t\t<div class=\"elementor-widget-container\">\n\t\t\t\t\t\t\t\t\t<p>Les projets IT sont souvent complexes (aspects fonctionnels, techniques, diversit\u00e9 des intervenants&#8230; ) et pour vous seconder, je vous assiste dans tous vos projets d\u2019informatisation par le biais :<\/p><p>\u00a0<\/p><ul><li>D\u2019audits et conseils<\/li><li>D\u2019accompagnements dans le cadre de l\u2019ouverture de votre \u00e9tablissement &#8211; (coordination des fournisseurs et parties prenantes)<\/li><li>De gestion de projets et\/ou programmes sur des d\u00e9ploiements ou changements de solutions IT (PMS, POS et toutes autres solutions connect\u00e9es \u00e0 l\u2019\u00e9cosyst\u00e8me IT).<p>Nous \u00e9tudions et consolidons ensemble votre projet pour le mener vers la r\u00e9ussite. Mon approche est objective, simple et pragmatique.<\/p><\/li><\/ul><p>Mon expertise sera votre premier atout. L\u2019accompagnement personnalis\u00e9 sera une vraie r\u00e9ponse \u00e0 vos enjeux et ensemble, nous obtiendrons la rigueur esp\u00e9r\u00e9e de votre projet IT.<\/p><p>Mes derni\u00e8res exp\u00e9riences m\u2019ont permis de couvrir ces diff\u00e9rents sujets et de d\u00e9velopper un r\u00e9seau de contacts parmi les principaux acteurs du secteur.<\/p>\t\t\t\t\t\t\t\t<\/div>\n\t\t\t\t<\/div>\n\t\t\t\t<div class=\"elementor-element elementor-element-ab0e850 elementor-widget elementor-widget-spacer\" data-id=\"ab0e850\" data-element_type=\"widget\" data-e-type=\"widget\" data-widget_type=\"spacer.default\">\n\t\t\t\t<div class=\"elementor-widget-container\">\n\t\t\t\t\t\t\t<div class=\"elementor-spacer\">\n\t\t\t<div class=\"elementor-spacer-inner\"><\/div>\n\t\t<\/div>\n\t\t\t\t\t\t<\/div>\n\t\t\t\t<\/div>\n\t\t\t\t<div class=\"elementor-element elementor-element-9246bce elementor-widget elementor-widget-image\" data-id=\"9246bce\" data-element_type=\"widget\" data-e-type=\"widget\" data-widget_type=\"image.default\">\n\t\t\t\t<div class=\"elementor-widget-container\">\n\t\t\t\t\t\t\t\t\t\t\t\t\t\t\t<img fetchpriority=\"high\" decoding=\"async\" width=\"2560\" height=\"1709\" src=\"https:\/\/magalit.fr\/wp-content\/uploads\/2024\/09\/collage-customer-experience-concept-scaled.jpg\" class=\"attachment-full size-full wp-image-111\" alt=\"\" srcset=\"https:\/\/magalit.fr\/wp-content\/uploads\/2024\/09\/collage-customer-experience-concept-scaled.jpg 2560w, https:\/\/magalit.fr\/wp-content\/uploads\/2024\/09\/collage-customer-experience-concept-300x200.jpg 300w, https:\/\/magalit.fr\/wp-content\/uploads\/2024\/09\/collage-customer-experience-concept-1024x684.jpg 1024w, https:\/\/magalit.fr\/wp-content\/uploads\/2024\/09\/collage-customer-experience-concept-2000x1335.jpg 2000w, https:\/\/magalit.fr\/wp-content\/uploads\/2024\/09\/collage-customer-experience-concept-scaled-1536x1025.jpg 1536w, https:\/\/magalit.fr\/wp-content\/uploads\/2024\/09\/collage-customer-experience-concept-scaled-2048x1367.jpg 2048w\" sizes=\"100vw\" \/>\t\t\t\t\t\t\t\t\t\t\t\t\t\t\t<\/div>\n\t\t\t\t<\/div>\n\t\t\t\t<div class=\"elementor-element elementor-element-2cfa36e elementor-widget elementor-widget-heading\" data-id=\"2cfa36e\" data-element_type=\"widget\" data-e-type=\"widget\" data-widget_type=\"heading.default\">\n\t\t\t\t<div class=\"elementor-widget-container\">\n\t\t\t\t\t<h2 class=\"elementor-heading-title elementor-size-default\">20 ans d\u2019exp\u00e9rience en quelques mots<\/h2>\t\t\t\t<\/div>\n\t\t\t\t<\/div>\n\t\t\t\t<div class=\"elementor-element elementor-element-bd14251 elementor-widget elementor-widget-text-editor\" data-id=\"bd14251\" data-element_type=\"widget\" data-e-type=\"widget\" data-widget_type=\"text-editor.default\">\n\t\t\t\t<div class=\"elementor-widget-container\">\n\t\t\t\t\t\t\t\t\t<ul><li>Parcours entre h\u00f4tellerie et informatique<\/li><li>Postes en r\u00e9ception d\u2019H\u00f4tels : ex. Sofitel<br \/>Porte de S\u00e8vres<\/li><li>Micros-Fidelio (leader PMS- POS dans le monde) : Formatrice, Consultante, Cheffe de Projet<\/li><li>ACCOR (DSI France) : Cheffe de Projet<br \/>fonctionnel, Cheffe de Projet ouverture,<br \/>Responsable des Operations IT<\/li><\/ul>\t\t\t\t\t\t\t\t<\/div>\n\t\t\t\t<\/div>\n\t\t\t\t<\/div>\n\t\t\t\t<\/div>\n\t\t","protected":false},"excerpt":{"rendered":"<p>Consulting en gestion de projet IT Les projets IT sont souvent complexes (aspects fonctionnels, techniques, diversit\u00e9 des intervenants&#8230; ) et pour vous seconder, je vous assiste dans tous vos projets &hellip; <\/p>\n<p class=\"link-more\"><a href=\"https:\/\/magalit.fr\/index.php\/accueil\/\" class=\"more-link\">Lire la suite de<span class=\"screen-reader-text\">\u00ab\u00a0Accueil Archives\u00a0\u00bb<\/span><\/a><\/p>\n","protected":false},"author":3,"featured_media":0,"parent":0,"menu_order":0,"comment_status":"closed","ping_status":"closed","template":"elementor_header_footer","meta":{"inspiro_hide_title":false,"footnotes":""},"class_list":["post-87","page","type-page","status-publish","hentry"],"_links":{"self":[{"href":"https:\/\/magalit.fr\/index.php\/wp-json\/wp\/v2\/pages\/87","targetHints":{"allow":["GET"]}}],"collection":[{"href":"https:\/\/magalit.fr\/index.php\/wp-json\/wp\/v2\/pages"}],"about":[{"href":"https:\/\/magalit.fr\/index.php\/wp-json\/wp\/v2\/types\/page"}],"author":[{"embeddable":true,"href":"https:\/\/magalit.fr\/index.php\/wp-json\/wp\/v2\/users\/3"}],"replies":[{"embeddable":true,"href":"https:\/\/magalit.fr\/index.php\/wp-json\/wp\/v2\/comments?post=87"}],"version-history":[{"count":34,"href":"https:\/\/magalit.fr\/index.php\/wp-json\/wp\/v2\/pages\/87\/revisions"}],"predecessor-version":[{"id":300,"href":"https:\/\/magalit.fr\/index.php\/wp-json\/wp\/v2\/pages\/87\/revisions\/300"}],"wp:attachment":[{"href":"https:\/\/magalit.fr\/index.php\/wp-json\/wp\/v2\/media?parent=87"}],"curies":[{"name":"wp","href":"https:\/\/api.w.org\/{rel}","templated":true}]}}